0 = 5*h. Is h composite?
False
Let u(g) = -49*g - 9. Is u(-4) a composite number?
True
Suppose 0 = -3*a, 7*r - 12 = 3*r + a. Suppose 3*l - r = 4*l, -171 = -3*f - l. Is f prime?
False
Let c(l) = -l**2 + 9*l + 12. Let a be c(10). Suppose a*p = p + 159. Is p a composite number?
True
Suppose -5*l - j + 2 = 0, 3*j + j - 8 = 0. Suppose l*g = g - 74. Is g a composite number?
True
Let d = -446 + 1597. Is d a prime number?
True
Let g(f) = f**2 + 4*f - 6. Let j be g(-6). Let x = j + 13. Is x composite?
False
Let h = 44 - -1. Suppose -5*t = k - h, -k + 6*t = 2*t - 63. Is k composite?
True
Let m = 942 - 245. Is m prime?
False
Let q(h) = -h**2 - h - 1. Let n(y) = 3*y**2 - 2*y + 2. Let f(x) = n(x) + 4*q(x). Let z be f(-3). Suppose -z = -0*b - b. Is b a composite number?
False
Suppose 5*d = 4*p - 32, 3*d + 12 = -p + 3. Is p*2/6 - -34 a composite number?
True
Suppose 1664 = 2*u - 3060. Is u prime?
False
Let c(a) = -a**2 - 9*a + 10. Let y be c(-9). Is 394/5 + 2/y a composite number?
False
Let z(s) = s**2 + 4*s - 6. Let l be z(-6). Suppose -2*g + 4*t + 510 = 0, l*t = -g + 3*t + 265. Is g prime?
False
Let j(h) = -h**2 + 11*h - 7. Is j(7) a prime number?
False
Let c = -18 + 172. Suppose 2*u + 2*h - c = h, h = -u + 75. Is u composite?
False
Suppose c + 124 = 3*c. Suppose -14 + 6 = -2*j. Is (c/j)/(3/6) composite?
False
Suppose -i = 4*i - 620. Suppose 2*w + 2*w - i = 0. Let l = w + 0. Is l a composite number?
False
Let f be -2*2/(-4) + 0. Suppose -3 = 3*p - 3*c, -c = -3*p + 4*p - 7. Is (f - 4)*(p - 10) composite?
True
Let x(q) = 4 + 34*q**2 + 41*q**2 - q - 5 + 0. Let u be x(-1). Let y = u + -42. Is y a composite number?
True
Suppose -2*y = 3*y - 235. Is y a composite number?
False
Suppose 5*p + 15 = 0, -2*o + 329 + 276 = 3*p. Is o a composite number?
False
Let t = 131 - 79. Let p = t + 277. Is p a composite number?
True
Suppose -3*f - 2*f + 2110 = 0. Is f composite?
True
Let v(p) = -2*p - 11. Let a be v(-8). Suppose -5*j + 4*d = -30, a*j = d + 2*d + 35. Let o(q) = 8*q - 3. Is o(j) prime?
False
Let k = 10 - 5. Let w be -7 + k - 8/(-2). Suppose -3*d - w*i = -4*i - 109, 4*i + 33 = d. Is d a prime number?
True
Suppose -5*b = 2*d - 3*d - 11, 0 = -3*d - 3. Suppose b*i - 298 = -0*i. Is i a composite number?
False
Is (2*-253)/((-16)/8) composite?
True
Suppose 1406 = 25*r - 6*r. Is r prime?
False
Let i(o) = -1 - 2*o**2 + 2*o**2 - o**2 + 2*o. Let q be i(1). Suppose q = g - 47 - 0. Is g prime?
True
Suppose 10*p - 5*p - 18 = 3*i, 0 = i - 4. Let o = 25 - p. Suppose -g + o = -7. Is g a prime number?
False
Suppose 26*c = 27*c - 1733. Is c a prime number?
True
Suppose 2*u + 10 = 0, 5*r + 0*u = -4*u + 40. Suppose -5*f + r = -2*a - 37, 32 = 4*f + 2*a. Is f a prime number?
False
Is (-8)/20 + (-337)/(-5) composite?
False
Suppose -x + 3 = 0, 2*x = -4*z + 3*x + 965. Suppose -z = 5*d - 632. Suppose -4*v - 126 = -5*p, -p = 2*p - 3*v - d. Is p a prime number?
False
Is 90 + -2*3/2 a composite number?
True
Let q be 8*10*24/10. Let w = q + -133. Is w a prime number?
True
Suppose 6*q - 2380 = 1622. Is q composite?
True
Let j(x) = 292*x**2 + 3*x + 5. Is j(-2) a composite number?
True
Let i(q) = -4*q**3 + 8*q**2 + 7*q + 13. Is i(-6) prime?
True
Let y(c) = 3 + 2*c + 19 - 3 - 5*c. Is y(-13) composite?
True
Let s be (84/(-9))/(2/6). Is (3*-1)/(4/s) prime?
False
Let s = 13 - 4. Let o = 5 - s. Let d(b) = -20*b + 5. Is d(o) prime?
False
Suppose -3*t + 8 = -f, -5*t - 28 = -2*f - 10*t. Suppose 0 = -6*u + f*u + 246. Is u a composite number?
True
Let y = -71 - -326. Suppose r - y = -2*r. Is r composite?
True
Let g = 114 + 9. Is g a composite number?
True
Let y = -402 + 568. Suppose -16*k = -18*k + y. Is k prime?
True
Let f(g) = -6*g**2 + 0 - 6 - 9*g - g**3 - 6*g + 6*g. Let y be f(-6). Suppose 0 = l + 1 - y. Is l a composite number?
False
Suppose 0 = k - l - 212, 0 = -k - 4*l + l + 232. Is k prime?
False
Let n(r) = 2*r**2 + 1. Let p be n(-1). Is 232/3 + (-1)/p a prime number?
False
Suppose 2*i = -i + 3. Let l(t) = 16*t**3 - 1. Is l(i) composite?
True
Let z(p) = 0*p - p + 4 - 9. Let g be z(-5). Suppose g = h - 0*h - 235. Is h prime?
False
Suppose -3*t + 914 = -5*u, 0 = -0*t - t + 2*u + 305. Suppose 165 = b + 1. Let j = t + b. Is j a prime number?
True
Let s be (-4)/(-10) + 54/15. Suppose s*d = 3*d + 223. Is d a composite number?
False
Let v(t) = 12*t - 14. Is v(4) a composite number?
True
Suppose 2*u + 90 = l - 181, -5*l = 5*u - 1355. Is l a composite number?
False
Let j(p) = -201*p - 8. Let o be j(-8). Let b = 802 - o. Is ((-5)/15)/(2/b) composite?
True
Let v be (-39)/(6/(-4)*-1). Let k(z) = z**3 + 17*z**2 + z + 1. Let o be k(-17). Let t = o - v. Is t composite?
True
Let q(c) = -c**3 + 6*c**2 - c + 3. Let z(l) = l**2 - 3*l. Let h(k) = 2*k - 4. Let x be h(4). Let f be z(x). Is q(f) a prime number?
True
Let g = -14 - -3. Let f = 14 + g. Is f a composite number?
False
Let l = 450 - -71. Is l composite?
False
Let t(p) = 18*p + 3. Let m(i) = i - 1. Let v be m(4). Is t(v) a prime number?
False
Let f(d) = 22*d - 3. Let o be f(-4). Let u = o + 133. Let v = u + -11. Is v prime?
True
Let z(o) = o**3 - 6*o**2 + 4*o - 6. Is z(7) a prime number?
True
Let c = 338 - 73. Is c a composite number?
True
Suppose -z - 4*h - 86 = 0, z = -5*h + 2*h - 87. Let k be ((-75)/9)/((-1)/(-3)). Let b = k - z. Is b prime?
False
Let q(h) = -h**2 - 5*h + 2. Let n be q(-5). Suppose 4*z - 5*c = 21, n*c = 2 - 4. Suppose -7 = z*d - 315. Is d prime?
False
Let m(u) = -u**2 - 2*u. Let y(a) = a**3 + 5*a**2 - a - 3. Let s be y(-5). Let n be m(s). Is (-302)/n + 6/(-8) composite?
False
Suppose -2*j = 5*y - 21, 3*y + 2 = 11. Suppose -2*h - j*a + 95 = 0, 2*h - 31 = a + 60. Is h a composite number?
True
Is (2/4)/(5/590) a prime number?
True
Suppose 0 = -7*q + 2538 + 1529. Is q prime?
False
Let y(s) = -3*s**2 + 10*s + 2. Let r(f) = 7*f**2 - 19*f - 5. Let g(d) = 2*r(d) + 5*y(d). Is g(5) a prime number?
False
Suppose -4*y + 3272 = -5*h, 5*y + 512 - 4597 = 5*h. Is y composite?
True
Suppose -r - 5 = 0, 3*f + 2*r - 3*r = 4970. Suppose s = -p + 331, 0*s - 4*p = 5*s - f. Is s prime?
True
Suppose 2*v - 4 = -2*a + 8, -5*a + 44 = -2*v. Suppose a = 2*k, 0 = -q - 3*q + 2*k. Suppose -190 = -q*g - 60. Is g prime?
False
Suppose -328 - 1113 = -g. Is g prime?
False
Let n = -5 + 10. Suppose -n*h = 3*u - 185, 3*u - 59 = -3*h + 52. Is h prime?
True
Let m(i) = i**2 + i - 5. Suppose 3 + 9 = -3*z. Is m(z) prime?
True
Suppose x + 1 = 14. Let w(y) = 34*y**2 - 4*y - 1. Let v(i) = -68*i**2 + 9*i + 2. Let u(o) = x*w(o) + 6*v(o). Is u(1) composite?
True
Suppose 0 = 2*k + k + 12, 2*f + 5*k + 20 = 0. Suppose 4 = q - f*g + 2*g, 4*q = 2*g - 4. Suppose q*s - 3*s = -57. Is s a prime number?
True
Let i(x) = 2*x**2 + 6*x + 15. Is i(16) a prime number?
False
Let n = 175 - -10. Is n a composite number?
True
Suppose 5*t = 2*x - 472, 5*x - 3*t - 1256 = -114. Is x a prime number?
False
Let q(i) = -i**3 - i**2 - 2*i - 2. Suppose 9 - 1 = -4*v. Let u be q(v). Let t = 7 + u. Is t a composite number?
False
Suppose -2*s + 8 = -36. Let u(p) = -p**2 - 1 + s*p**3 - 3*p + 4*p + 0*p. Is u(1) composite?
True
Suppose 3*i = 9, j - 478 = 4*i + 1269. Is j a prime number?
True
Let g = 6 + -4. Suppose -g*x - 6 = -44. Let m = 14 + x. Is m composite?
True
Let g = -318 + 644. Is g a prime number?
False
Let m = 7 + -3. Suppose -m*i = q - 79, 0 = -5*i + q - 3*q + 95. Is i composite?
True
Suppose n = -3*n + 40. Suppose 0 = -n*a + 11*a - 13. Is a prime?
True
Let k(y) = -3*y + 2. Let s(m) = 4*m - 2. Let l(o) = 5*k(o) + 6*s(o). Is l(5) prime?
True
Is 28/(-7) + (2 - -1042 - -2) composite?
True
Let t(q) = 4*q - 6. Let k(o) = -o**2 + 6*o - 5. Let f be k(6). Let c = f - -10. Is t(c) prime?
False
Suppose -3*q - 785 = -8*q. Is q composite?
False
Suppose 5*a + 0*a - 955 = 0. Is a a prime number?
True
Suppose 112 = -3*r - 35. Let y = 121 + r. Suppose y + 37 = t. Is t a prime number?
True
Is 20195/45 - 6/(-27) a prime number?
True
Suppose -2*x - x = 0. Suppose x = -0*p - p - 5*d + 2, -5*p + 106 = d. Is p composite?
True
Let n = -6 - -1. Is 8/20 + (-243)/n prime?
False
Let q(i) = -38*i - 7. Suppose -2*y - 5*h - 33 = 0, 2*y + 10 + 3 = -h. Is q(y) a composite number?
True
Let r(c) = 2*c. Let j be (-2)/(-8)*-2*2. Let n be r(j). Is (146 - 2) + 3 - n prime?
True
Let o = -10 - -6. Let z = 0 - o. Is z composite?
True
Suppose 366 = 4*p 